{"id":13648,"date":"2025-04-08T13:15:10","date_gmt":"2025-04-08T13:15:10","guid":{"rendered":"https:\/\/ariastovar.com\/?page_id=13648"},"modified":"2025-11-18T19:15:08","modified_gmt":"2025-11-18T19:15:08","slug":"team","status":"publish","type":"page","link":"https:\/\/ariastovar.com\/esp\/team\/","title":{"rendered":"Equipo"},"content":{"rendered":"<div class=\"wpb-content-wrapper\"><div class=\"vc_row-full-width-before\"><\/div><div id=\"vc_row-69e1006b7bca6\" data-vc-full-width=\"true\" data-vc-full-width-init=\"false\" class=\"vc_row wpb_row vc_row-fluid vc_custom_1744203557199 thegem-custom-69e1006b7bc681204 vc_row-has-fill vc_row-o-content-middle vc_row-flex\"><script type=\"text\/javascript\">if (typeof(gem_fix_fullwidth_position) == \"function\") { gem_fix_fullwidth_position(document.getElementById(\"vc_row-69e1006b7bca6\")); }<\/script>\n<style>\n#vc_row-69e1006b7bca6 .gem-divider {\n    margin-left: auto;\n    margin-right: auto;\n    border-width: 2px;\n    width: 50px;\n}\n<\/style>\n<div class=\"wpb_column vc_column_container vc_col-sm-12 thegem-custom-69e1006b7c0e2271\" ><div class=\"vc_column-inner thegem-custom-inner-69e1006b7c0e5\"><div class=\"wpb_wrapper thegem-custom-69e1006b7c0e2271\"><div class=\"clearboth\"><\/div><style>#thegem-divider-69e1006b7cb3e {margin-top: 50px !important;}<\/style><div id=\"thegem-divider-69e1006b7cb3e\" class=\"gem-divider\" style=\"\" ><\/div>\r\n\t\r\n\t\t<div class=\"wpb_text_column wpb_content_element  thegem-vc-text thegem-custom-69e1006b7cdec675\"  >\r\n\t\t\t<div class=\"wpb_wrapper\">\r\n\t\t\t\t<h1 style=\"text-align: center;\"><span style=\"color: #ffffff;\">Nuestros <span style=\"color: #ffe8a8;\">Equipo<\/span><\/span><\/h1>\n\r\n\t\t\t<\/div>\r\n\t\t\t<style>@media screen and (max-width: 1023px) {.thegem-vc-text.thegem-custom-69e1006b7cdec675{display: block!important;}}@media screen and (max-width: 767px) {.thegem-vc-text.thegem-custom-69e1006b7cdec675{display: block!important;}}@media screen and (max-width: 1023px) {.thegem-vc-text.thegem-custom-69e1006b7cdec675{position: relative !important;}}@media screen and (max-width: 767px) {.thegem-vc-text.thegem-custom-69e1006b7cdec675{position: relative !important;}}<\/style>\r\n\t\t<\/div>\r\n\t\r\n<div class=\"clearboth\"><\/div><style>#thegem-divider-69e1006b7cf2b {margin-top: 120px !important;}<\/style><div id=\"thegem-divider-69e1006b7cf2b\" class=\"gem-divider\" style=\"\" ><\/div><\/div><\/div><\/div><\/div><div class=\"vc_row-full-width vc_clearfix\"><\/div><div id=\"attorney-ileana\" class=\"vc_row wpb_row vc_row-fluid vc_custom_1744298337107 thegem-custom-69e1006b7d25c5549 vc_row-has-fill vc_row-o-equal-height vc_row-flex\"><div class=\"wpb_column vc_column_container vc_col-sm-12 vc_col-lg-6 vc_col-md-6 vc_col-xs-12 thegem-custom-69e1006b7d5765207 disable-custom-paggings-tablet disable-custom-paggings-mobile\" ><div class=\"vc_column-inner thegem-custom-inner-69e1006b7d579 vc_custom_1744140842141\"><div class=\"wpb_wrapper thegem-custom-69e1006b7d5765207\"><div class=\"centered-box gem-image-centered-box\" ><div class=\"gem-image gem-wrapbox gem-wrapbox-style-default gem-wrapbox-position-centered lazy-loading image-team-arias thegem-custom-69e1006b7d7d3382\"  style=\"\" ><div class=\"gem-wrapbox-inner  lazy-loading-item\"  data-ll-effect=\"move-up\"><img class=\"gem-wrapbox-element img-responsive\" src=\"https:\/\/ariastovar.com\/wp-content\/uploads\/2025\/04\/55326464275.webp\" alt=\"Ileana Arias\"\/><\/div><\/div><\/div>\r\n\t\r\n\t\t<div class=\"wpb_text_column wpb_content_element  vc_custom_1744123507345 thegem-vc-text thegem-custom-69e1006b7dcae1066\"  >\r\n\t\t\t<div class=\"wpb_wrapper\">\r\n\t\t\t\t<div class=\"title-h4\" style=\"text-align: center;\"><span style=\"color: #cca276;\"><b>ILEANA ARIAS TOVAR, ESQ.<\/b><\/span><\/div>\n\r\n\t\t\t<\/div>\r\n\t\t\t<style>@media screen and (max-width: 1023px) {.thegem-vc-text.thegem-custom-69e1006b7dcae1066{display: block!important;}}@media screen and (max-width: 767px) {.thegem-vc-text.thegem-custom-69e1006b7dcae1066{display: block!important;}}@media screen and (max-width: 1023px) {.thegem-vc-text.thegem-custom-69e1006b7dcae1066{position: relative !important;}}@media screen and (max-width: 767px) {.thegem-vc-text.thegem-custom-69e1006b7dcae1066{position: relative !important;}}<\/style>\r\n\t\t<\/div>\r\n\t\r\n\r\n\t\r\n\t\t<div class=\"wpb_text_column wpb_content_element  vc_custom_1763491332134 thegem-vc-text thegem-custom-69e1006b7ded86262\"  >\r\n\t\t\t<div class=\"wpb_wrapper\">\r\n\t\t\t\t<p style=\"text-align: center;\"><span style=\"color: #99a9b5;\">Immigration Lawyer<\/span><\/p>\n\r\n\t\t\t<\/div>\r\n\t\t\t<style>@media screen and (max-width: 1023px) {.thegem-vc-text.thegem-custom-69e1006b7ded86262{display: block!important;}}@media screen and (max-width: 767px) {.thegem-vc-text.thegem-custom-69e1006b7ded86262{display: block!important;}}@media screen and (max-width: 1023px) {.thegem-vc-text.thegem-custom-69e1006b7ded86262{position: relative !important;}}@media screen and (max-width: 767px) {.thegem-vc-text.thegem-custom-69e1006b7ded86262{position: relative !important;}}<\/style>\r\n\t\t<\/div>\r\n\t\r\n<\/div><\/div><\/div><div class=\"wpb_column vc_column_container vc_col-sm-12 vc_col-lg-6 vc_col-md-6 vc_col-xs-12 thegem-custom-69e1006b7e1fc5468\" ><div class=\"vc_column-inner thegem-custom-inner-69e1006b7e1ff vc_custom_1744140821017\"><div class=\"wpb_wrapper thegem-custom-69e1006b7e1fc5468\">\r\n\t\r\n\t\t<div class=\"wpb_text_column wpb_content_element  vc_custom_1763493758113 thegem-vc-text thegem-custom-69e1006b7e42c2077\"  >\r\n\t\t\t<div class=\"wpb_wrapper\">\r\n\t\t\t\t<p><span style=\"font-weight: 400;\">Ms. Ileana Arias Tovar graduated from Universidad Cat\u00f3lica Andres Bello in Caracas, Venezuela. She later obtained her Master&#8217;s in law from Tulane University, in New Orleans, Louisiana. She is licensed to practice immigration law in all 50 states and is an active member of the Louisiana and New York State Bar Associations, the American Bar Association, the American Immigration Lawyers Association (AILA), and its Unlawful Practice of Law Committee.<\/span><\/p>\n<p><span style=\"font-weight: 400;\">Ms. Arias Tovar has worked for international law firms such as Baker &amp; Mc. Kenzie in Venezuela, Chaffe McCall in New Orleans, and Fox Horan &amp; Camerini in New York. She has more than 35 years of experience advising international clients. During the last 30 years, she has concentrated on immigration law, guiding U.S. corporations and foreign individuals through their relocation process.<\/span><\/p>\n<p><span style=\"font-weight: 400;\">Ella ha escrito art\u00edculos sobre procedimientos de inmigraci\u00f3n y ha dictado conferencias sobre asuntos migratorios. Tambi\u00e9n ha actuado como asesora legal para organizaciones sin fines de lucro y continuamente ofrece apoyo a la comunidad a trav\u00e9s de programas de televisi\u00f3n, redes sociales y talleres en universidades importantes.<\/span><\/p>\n\r\n\t\t\t<\/div>\r\n\t\t\t<style>@media screen and (max-width: 1023px) {.thegem-vc-text.thegem-custom-69e1006b7e42c2077{display: block!important;}}@media screen and (max-width: 767px) {.thegem-vc-text.thegem-custom-69e1006b7e42c2077{display: block!important;}}@media screen and (max-width: 1023px) {.thegem-vc-text.thegem-custom-69e1006b7e42c2077{position: relative !important;}}@media screen and (max-width: 767px) {.thegem-vc-text.thegem-custom-69e1006b7e42c2077{position: relative !important;}}<\/style>\r\n\t\t<\/div>\r\n\t\r\n<\/div><\/div><\/div><div class=\"wpb_column vc_column_container vc_col-sm-12 thegem-custom-69e1006b7e7a65498\" ><div class=\"vc_column-inner thegem-custom-inner-69e1006b7e7a9 vc_custom_1744140312429\"><div class=\"wpb_wrapper thegem-custom-69e1006b7e7a65498\"><div class=\"clearboth\"><\/div><style>#thegem-divider-69e1006b7e8ac {margin-top: 30px !important;}#thegem-divider-69e1006b7e8ac {margin-bottom: 50px !important;}<\/style><div id=\"thegem-divider-69e1006b7e8ac\" class=\"gem-divider   gem-divider-style-3\" style=\"border-color: #E6E6E6;\" ><\/div><\/div><\/div><\/div><\/div><div id=\"attorney-jose\" class=\"vc_row wpb_row vc_row-fluid vc_custom_1744298321692 thegem-custom-69e1006b7eba73417 vc_row-has-fill vc_rtl-columns-reverse vc_row-o-equal-height thegem-reverse-columns-tablet thegem-reverse-columns-mobile vc_row-flex\"><div class=\"wpb_column vc_column_container vc_col-sm-12 vc_col-lg-6 vc_col-md-6 vc_col-xs-12 thegem-custom-69e1006b7ee184141 disable-custom-paggings-tablet disable-custom-paggings-mobile\" ><div class=\"vc_column-inner thegem-custom-inner-69e1006b7ee1a vc_custom_1744152423625\"><style>@media screen and (max-width: 1023px) {.thegem-custom-inner-69e1006b7ee1a.vc_column-inner {margin-top: 0px !important;}}@media screen and (max-width: 767px) {.thegem-custom-inner-69e1006b7ee1a.vc_column-inner {margin-top: 0px !important;}}\n<\/style><div class=\"wpb_wrapper thegem-custom-69e1006b7ee184141\">\r\n\t\r\n\t\t<div class=\"wpb_text_column wpb_content_element  vc_custom_1763491419465 thegem-vc-text thegem-custom-69e1006b7efa07258\"  >\r\n\t\t\t<div class=\"wpb_wrapper\">\r\n\t\t\t\t<p><span style=\"font-weight: 400;\">Jos\u00e9 Gregorio Tovar del Corral earned his Juris Doctor (Law degree) from Universidad Cat\u00f3lica Andres Bello in Caracas, Venezuela, with a Master&#8217;s degree of Laws (LLM), with a concentration in International Trade and Finance from Tulane University in New Orleans, LA.<\/span><\/p>\n<p><span style=\"font-weight: 400;\">El Sr. Tovar es asesor en Arias Tovar &amp; Associates, con m\u00e1s de 35 a\u00f1os de experiencia acumulada en el campo del derecho y los negocios, asistiendo y guiando a clientes para abrir con \u00e9xito miles de empresas y corporaciones en los Estados Unidos.<\/span><\/p>\n<p><span style=\"font-weight: 400;\">Tambi\u00e9n es empresario, actualmente es Director Fundador y Vicepresidente de la Corporaci\u00f3n KeyKlick, una empresa de Mercado Interactivo con una plataforma especializada en ventas en tiempo real para grandes corporaciones y eventos.<\/span><\/p>\n<p><span style=\"font-weight: 400;\">He serves as the Chairman of the Board and Executive Vice President of Demos of the Americas, Inc. and co founder of the NIDD, National Institute for Democracy and Development, not-for-profit organizations and think-tanks dedicated to promoting democracy in the Americas. Also, as the Chairman of the Board of Directors of the Benjamin Franklin School of Government.<\/span><\/p>\n\r\n\t\t\t<\/div>\r\n\t\t\t<style>@media screen and (max-width: 1023px) {.thegem-vc-text.thegem-custom-69e1006b7efa07258{display: block!important;}}@media screen and (max-width: 767px) {.thegem-vc-text.thegem-custom-69e1006b7efa07258{display: block!important;}}@media screen and (max-width: 1023px) {.thegem-vc-text.thegem-custom-69e1006b7efa07258{position: relative !important;}}@media screen and (max-width: 767px) {.thegem-vc-text.thegem-custom-69e1006b7efa07258{position: relative !important;}}<\/style>\r\n\t\t<\/div>\r\n\t\r\n<\/div><\/div><\/div><div class=\"wpb_column vc_column_container vc_col-sm-12 vc_col-lg-6 vc_col-md-6 vc_col-xs-12 thegem-custom-69e1006b7f27e840\" ><div class=\"vc_column-inner thegem-custom-inner-69e1006b7f280 vc_custom_1744140658431\"><div class=\"wpb_wrapper thegem-custom-69e1006b7f27e840\"><div class=\"centered-box gem-image-centered-box\" ><div class=\"gem-image gem-wrapbox gem-wrapbox-style-default gem-wrapbox-position-centered lazy-loading image-team-arias thegem-custom-69e1006b7f3611881\"  style=\"\" ><div class=\"gem-wrapbox-inner  lazy-loading-item\"  data-ll-effect=\"move-up\"><img class=\"gem-wrapbox-element img-responsive\" src=\"https:\/\/ariastovar.com\/wp-content\/uploads\/2025\/04\/55326464274.webp\" alt=\"Jose Gregorio Del Corral\"\/><\/div><\/div><\/div>\r\n\t\r\n\t\t<div class=\"wpb_text_column wpb_content_element  vc_custom_1745188725485 thegem-vc-text thegem-custom-69e1006b7f7cb6598\"  >\r\n\t\t\t<div class=\"wpb_wrapper\">\r\n\t\t\t\t<div class=\"title-h4\" style=\"text-align: center;\"><span style=\"color: #cca276;\"><b>JOS\u00c9 GREGORIO TOVAR DEL CORRAL<\/b><\/span><\/div>\n\r\n\t\t\t<\/div>\r\n\t\t\t<style>@media screen and (max-width: 1023px) {.thegem-vc-text.thegem-custom-69e1006b7f7cb6598{display: block!important;}}@media screen and (max-width: 767px) {.thegem-vc-text.thegem-custom-69e1006b7f7cb6598{display: block!important;}}@media screen and (max-width: 1023px) {.thegem-vc-text.thegem-custom-69e1006b7f7cb6598{position: relative !important;}}@media screen and (max-width: 767px) {.thegem-vc-text.thegem-custom-69e1006b7f7cb6598{position: relative !important;}}<\/style>\r\n\t\t<\/div>\r\n\t\r\n\r\n\t\r\n\t\t<div class=\"wpb_text_column wpb_content_element  vc_custom_1744137538179 thegem-vc-text thegem-custom-69e1006b7f9962548\"  >\r\n\t\t\t<div class=\"wpb_wrapper\">\r\n\t\t\t\t<p style=\"text-align: center;\"><span style=\"color: #99a9b5;\">Abogado (con experiencia en negocios y derecho)<\/span><\/p>\n\r\n\t\t\t<\/div>\r\n\t\t\t<style>@media screen and (max-width: 1023px) {.thegem-vc-text.thegem-custom-69e1006b7f9962548{display: block!important;}}@media screen and (max-width: 767px) {.thegem-vc-text.thegem-custom-69e1006b7f9962548{display: block!important;}}@media screen and (max-width: 1023px) {.thegem-vc-text.thegem-custom-69e1006b7f9962548{position: relative !important;}}@media screen and (max-width: 767px) {.thegem-vc-text.thegem-custom-69e1006b7f9962548{position: relative !important;}}<\/style>\r\n\t\t<\/div>\r\n\t\r\n<\/div><\/div><\/div><\/div><div id=\"vc_row-69e1006b7fcf6\" class=\"vc_row wpb_row vc_row-fluid vc_custom_1744219932495 thegem-custom-69e1006b7fcdf6579 vc_row-has-fill\"><div class=\"wpb_column vc_column_container vc_col-sm-12 thegem-custom-69e1006b7ff338279\" ><div class=\"vc_column-inner thegem-custom-inner-69e1006b7ff35\"><div class=\"wpb_wrapper thegem-custom-69e1006b7ff338279\">\r\n\t\r\n\t\t<div class=\"wpb_text_column wpb_content_element  vc_custom_1744219839910 thegem-vc-text thegem-custom-69e1006b800e98904\"  >\r\n\t\t\t<div class=\"wpb_wrapper\">\r\n\t\t\t\t<p><span style=\"font-weight: 400;\">El Sr. Tovar fue miembro de la Junta Directiva de la C\u00e1mara de Comercio Venezolana-Americana de los Estados Unidos durante 7 a\u00f1os consecutivos y su Presidente desde diciembre de 2003 hasta diciembre de 2005.<\/span><\/p>\n<p><span style=\"font-weight: 400;\">Como consultor empresarial, ha dedicado su pr\u00e1ctica a asesorar a empresas peque\u00f1as y medianas, as\u00ed como a emprendedores. Trabaj\u00f3 para la firma de derecho internacional Cameron &amp; Hornbostel; las Oficinas Legales de Carolyn W. Davenport, y las Oficinas Legales de Philip H. Teplen, firmas destacadas en derecho de inmigraci\u00f3n y empresarial, comercio internacional y derecho corporativo en la ciudad de Nueva York.<\/span><\/p>\n<p><span style=\"font-weight: 400;\">El Sr. Tovar trabaj\u00f3 en el \u00e1mbito internacional de seguros, as\u00ed como en la industria bancaria. Fue Vicepresidente Senior y Gerente de Banca Personal en el Banco Consolidado, sucursal de Nueva York, y en el Consolidado International Bank en la ciudad de Nueva York.<\/span><\/p>\n<p><span style=\"font-weight: 400;\">Habla con fluidez ingl\u00e9s, espa\u00f1ol e italiano, y tiene conocimientos pr\u00e1cticos de portugu\u00e9s.<\/span><\/p>\n\r\n\t\t\t<\/div>\r\n\t\t\t<style>@media screen and (max-width: 1023px) {.thegem-vc-text.thegem-custom-69e1006b800e98904{display: block!important;}}@media screen and (max-width: 767px) {.thegem-vc-text.thegem-custom-69e1006b800e98904{display: block!important;}}@media screen and (max-width: 1023px) {.thegem-vc-text.thegem-custom-69e1006b800e98904{position: relative !important;}}@media screen and (max-width: 767px) {.thegem-vc-text.thegem-custom-69e1006b800e98904{position: relative !important;}}<\/style>\r\n\t\t<\/div>\r\n\t\r\n<div class=\"clearboth\"><\/div><style>#thegem-divider-69e1006b801d3 {margin-top: 50px !important;}<\/style><div id=\"thegem-divider-69e1006b801d3\" class=\"gem-divider\" style=\"\" ><\/div><\/div><\/div><\/div><\/div>\n<\/div>","protected":false},"excerpt":{"rendered":"","protected":false},"author":1,"featured_media":0,"parent":0,"menu_order":0,"comment_status":"closed","ping_status":"closed","template":"","meta":{"footnotes":""},"class_list":["post-13648","page","type-page","status-publish"],"_links":{"self":[{"href":"https:\/\/ariastovar.com\/esp\/wp-json\/wp\/v2\/pages\/13648","targetHints":{"allow":["GET"]}}],"collection":[{"href":"https:\/\/ariastovar.com\/esp\/wp-json\/wp\/v2\/pages"}],"about":[{"href":"https:\/\/ariastovar.com\/esp\/wp-json\/wp\/v2\/types\/page"}],"author":[{"embeddable":true,"href":"https:\/\/ariastovar.com\/esp\/wp-json\/wp\/v2\/users\/1"}],"replies":[{"embeddable":true,"href":"https:\/\/ariastovar.com\/esp\/wp-json\/wp\/v2\/comments?post=13648"}],"version-history":[{"count":62,"href":"https:\/\/ariastovar.com\/esp\/wp-json\/wp\/v2\/pages\/13648\/revisions"}],"predecessor-version":[{"id":14020,"href":"https:\/\/ariastovar.com\/esp\/wp-json\/wp\/v2\/pages\/13648\/revisions\/14020"}],"wp:attachment":[{"href":"https:\/\/ariastovar.com\/esp\/wp-json\/wp\/v2\/media?parent=13648"}],"curies":[{"name":"wp","href":"https:\/\/api.w.org\/{rel}","templated":true}]}}